{"id":3,"date":"2023-04-04T10:06:26","date_gmt":"2023-04-04T10:06:26","guid":{"rendered":"http:\/\/192.168.100.28\/?page_id=3"},"modified":"2025-03-30T18:47:54","modified_gmt":"2025-03-30T15:47:54","slug":"privacy-policy","status":"publish","type":"page","link":"https:\/\/www.lohjankamppailukeskus.fi\/index.php\/yleista\/privacy-policy\/","title":{"rendered":"Tietosuojak\u00e4yt\u00e4nt\u00f6"},"content":{"rendered":"\n<div class=\"wp-block-buttons is-layout-flex wp-block-buttons-is-layout-flex\">\n<div class=\"wp-block-button\"><a class=\"wp-block-button__link wp-element-button\">Kiell\u00e4 upotukset ja ev\u00e4steet<\/a><\/div>\n<\/div>\n\n\n\n<p>Lohjan Kamppailukeskuksen verkkosivut v\u00e4ltt\u00e4v\u00e4t tiedon ker\u00e4\u00e4mist\u00e4 k\u00e4vij\u00f6ist\u00e4ns\u00e4. Kaikki sivuston ker\u00e4\u00e4m\u00e4 tieto liittyy upotusten hallintaan.<\/p>\n\n\n\n<h2 class=\"wp-block-heading\">Ev\u00e4steet<\/h2>\n\n\n\n<p>Jos sallit upotukset ja ev\u00e4steet, asettaa sivusto ev\u00e4steen, joka tallentaa suostumuksesi. Ev\u00e4ste kest\u00e4\u00e4 vuoden, ellet tyhjenn\u00e4 ev\u00e4steit\u00e4si tai kiell\u00e4 upotuksia ja ev\u00e4steit\u00e4 ylt\u00e4. Ev\u00e4stett\u00e4 ei jaeta muille sivustoille.<\/p>\n\n\n\n<h2 class=\"wp-block-heading\">Upotukset<\/h2>\n\n\n\n<p>Sivustolla on toisilta sivustoilta upotettua sis\u00e4lt\u00f6\u00e4, joka ladataan, jos sallit upotukset ja ev\u00e4steet.<\/p>\n\n\n\n<p>Kun ulkoiselta sivustolta upotetaan sis\u00e4lt\u00f6\u00e4, vastaa tilanne tietosuojan kannalta kyseisell\u00e4 sivustolla vierailua sill\u00e4 lis\u00e4yksell\u00e4, ett\u00e4 kyseinen sivusto saattaa saada tietoja siit\u00e4, miten liikut t\u00e4ll\u00e4 sivustolla. Ulkoiset sivustot voivat ker\u00e4t\u00e4 tietosuojak\u00e4yt\u00e4nt\u00f6jens\u00e4 mukaisesti tietoja sinusta, k\u00e4ytt\u00e4\u00e4 ev\u00e4steit\u00e4, k\u00e4ytt\u00e4\u00e4 kolmansien osapuolien seurantaty\u00f6kaluja ja k\u00e4ytt\u00e4\u00e4 tietojasi esimerkiksi markkinointiin tai luovuttaa niit\u00e4 kolmansille osapuolille. Voit est\u00e4\u00e4 t\u00e4m\u00e4n j\u00e4tt\u00e4m\u00e4ll\u00e4 upotukset sallimatta.<\/p>\n","protected":false},"excerpt":{"rendered":"<p>Lohjan Kamppailukeskuksen verkkosivut v\u00e4ltt\u00e4v\u00e4t tiedon ker\u00e4\u00e4mist\u00e4 k\u00e4vij\u00f6ist\u00e4ns\u00e4. Kaikki sivuston ker\u00e4\u00e4m\u00e4 tieto liittyy upotusten hallintaan. Ev\u00e4steet Jos sallit upotukset ja ev\u00e4steet, asettaa sivusto ev\u00e4steen, joka tallentaa suostumuksesi. Ev\u00e4ste kest\u00e4\u00e4 vuoden, ellet tyhjenn\u00e4 ev\u00e4steit\u00e4si tai kiell\u00e4 upotuksia ja ev\u00e4steit\u00e4 ylt\u00e4. Ev\u00e4stett\u00e4 ei jaeta muille sivustoille. Upotukset Sivustolla on toisilta sivustoilta upotettua sis\u00e4lt\u00f6\u00e4, joka ladataan, jos sallit upotukset [&hellip;]<\/p>\n","protected":false},"author":1,"featured_media":0,"parent":205,"menu_order":0,"comment_status":"closed","ping_status":"open","template":"","meta":{"footnotes":""},"_links":{"self":[{"href":"https:\/\/www.lohjankamppailukeskus.fi\/index.php\/wp-json\/wp\/v2\/pages\/3"}],"collection":[{"href":"https:\/\/www.lohjankamppailukeskus.fi\/index.php\/wp-json\/wp\/v2\/pages"}],"about":[{"href":"https:\/\/www.lohjankamppailukeskus.fi\/index.php\/wp-json\/wp\/v2\/types\/page"}],"author":[{"embeddable":true,"href":"https:\/\/www.lohjankamppailukeskus.fi\/index.php\/wp-json\/wp\/v2\/users\/1"}],"replies":[{"embeddable":true,"href":"https:\/\/www.lohjankamppailukeskus.fi\/index.php\/wp-json\/wp\/v2\/comments?post=3"}],"version-history":[{"count":7,"href":"https:\/\/www.lohjankamppailukeskus.fi\/index.php\/wp-json\/wp\/v2\/pages\/3\/revisions"}],"predecessor-version":[{"id":675,"href":"https:\/\/www.lohjankamppailukeskus.fi\/index.php\/wp-json\/wp\/v2\/pages\/3\/revisions\/675"}],"up":[{"embeddable":true,"href":"https:\/\/www.lohjankamppailukeskus.fi\/index.php\/wp-json\/wp\/v2\/pages\/205"}],"wp:attachment":[{"href":"https:\/\/www.lohjankamppailukeskus.fi\/index.php\/wp-json\/wp\/v2\/media?parent=3"}],"curies":[{"name":"wp","href":"https:\/\/api.w.org\/{rel}","templated":true}]}}